{"id":357,"date":"2010-09-22T12:21:29","date_gmt":"2010-09-22T12:21:29","guid":{"rendered":"http:\/\/www.strewit.net\/?page_id=357"},"modified":"2019-02-07T10:43:32","modified_gmt":"2019-02-07T10:43:32","slug":"figurtraining-korperstraffung","status":"publish","type":"page","link":"http:\/\/www.apriori-pt.de\/?page_id=357","title":{"rendered":"Figurtraining \/ K\u00f6rperstraffung"},"content":{"rendered":"<p>Figurtraining \/ K\u00f6rperstraffung ist in Kombination das Endergebnis ( fast ) aller hier angebotenen Trainingsm\u00f6glichkeiten. Der Weg dort hin ist f\u00fcr Jede(n) verschieden, darum freue ich mich Ihnen ein sehr gro\u00dfes und abwechslungsreiches Spektrum an M\u00f6glichkeiten anbieten zu k\u00f6nnen.<img loading=\"lazy\" class=\"alignright size-medium wp-image-448\" title=\"Figurtraining\" src=\"\/wp-content\/uploads\/iStock_000009516894XSmall-300x200.jpg\" alt=\"Figurtraining\" width=\"300\" height=\"200\" srcset=\"http:\/\/www.apriori-pt.de\/wp-content\/uploads\/iStock_000009516894XSmall-300x200.jpg 300w, http:\/\/www.apriori-pt.de\/wp-content\/uploads\/iStock_000009516894XSmall.jpg 424w\" sizes=\"(max-width: 300px) 100vw, 300px\" \/><\/p>\n<p>Erfolge sind nicht garantiert; sie werden verdient! Voraussetzungen hierf\u00fcr sind:<strong><\/strong><\/p>\n<ul>\n<li>Wille den \u201e Komfortbereich\u201c zu verlassen &amp; Grenzen zu verschieben<\/li>\n<li>Best\u00e4ndigkeit \/ Regelm\u00e4\u00dfigkeit<\/li>\n<li>Maximale Anstrengung<\/li>\n<li>Ehrlichkeit<\/li>\n<li>Spa\u00df an der Sache<\/li>\n<\/ul>\n","protected":false},"excerpt":{"rendered":"<p>Figurtraining \/ K\u00f6rperstraffung ist in Kombination das Endergebnis ( fast ) aller hier angebotenen Trainingsm\u00f6glichkeiten. Der Weg dort hin ist f\u00fcr Jede(n) verschieden, darum freue ich mich Ihnen ein sehr gro\u00dfes und abwechslungsreiches Spektrum an M\u00f6glichkeiten anbieten zu k\u00f6nnen. Erfolge sind nicht garantiert; sie werden verdient! Voraussetzungen hierf\u00fcr sind: Wille den \u201e Komfortbereich\u201c zu verlassen [&hellip;]<\/p>\n","protected":false},"author":1,"featured_media":0,"parent":791,"menu_order":700,"comment_status":"closed","ping_status":"closed","template":"","meta":[],"yoast_head":"<!-- This site is optimized with the Yoast SEO plugin v18.9 - https:\/\/yoast.com\/wordpress\/plugins\/seo\/ -->\n<title>Figurtraining \/ K\u00f6rperstraffung - A Priori Personal Training, Firmensport &amp; Golffitness | Ihrem Personal Trainer in Dortmund<\/title>\n<meta name=\"robots\" content=\"index, follow, max-snippet:-1, max-image-preview:large, max-video-preview:-1\" \/>\n<link rel=\"canonical\" href=\"http:\/\/www.apriori-pt.de\/?page_id=357\" \/>\n<meta property=\"og:locale\" content=\"de_DE\" \/>\n<meta property=\"og:type\" content=\"article\" \/>\n<meta property=\"og:title\" content=\"Figurtraining \/ K\u00f6rperstraffung - A Priori Personal Training, Firmensport &amp; Golffitness | Ihrem Personal Trainer in Dortmund\" \/>\n<meta property=\"og:description\" content=\"Figurtraining \/ K\u00f6rperstraffung ist in Kombination das Endergebnis ( fast ) aller hier angebotenen Trainingsm\u00f6glichkeiten. Der Weg dort hin ist f\u00fcr Jede(n) verschieden, darum freue ich mich Ihnen ein sehr gro\u00dfes und abwechslungsreiches Spektrum an M\u00f6glichkeiten anbieten zu k\u00f6nnen. Erfolge sind nicht garantiert; sie werden verdient! Voraussetzungen hierf\u00fcr sind: Wille den \u201e Komfortbereich\u201c zu verlassen [&hellip;]\" \/>\n<meta property=\"og:url\" content=\"http:\/\/www.apriori-pt.de\/?page_id=357\" \/>\n<meta property=\"og:site_name\" content=\"A Priori Personal Training, Firmensport &amp; Golffitness | Ihrem Personal Trainer in Dortmund\" \/>\n<meta property=\"article:modified_time\" content=\"2019-02-07T10:43:32+00:00\" \/>\n<meta name=\"twitter:card\" content=\"summary_large_image\" \/>\n<script type=\"application\/ld+json\" class=\"yoast-schema-graph\">{\"@context\":\"https:\/\/schema.org\",\"@graph\":[{\"@type\":\"Organization\",\"@id\":\"http:\/\/www.apriori-pt.de\/#organization\",\"name\":\"apriori-pt\",\"url\":\"http:\/\/www.apriori-pt.de\/\",\"sameAs\":[],\"logo\":{\"@type\":\"ImageObject\",\"inLanguage\":\"de\",\"@id\":\"http:\/\/www.apriori-pt.de\/#\/schema\/logo\/image\/\",\"url\":\"http:\/\/www.apriori-pt.de\/wp-content\/uploads\/Unbenannt.png\",\"contentUrl\":\"http:\/\/www.apriori-pt.de\/wp-content\/uploads\/Unbenannt.png\",\"width\":332,\"height\":100,\"caption\":\"apriori-pt\"},\"image\":{\"@id\":\"http:\/\/www.apriori-pt.de\/#\/schema\/logo\/image\/\"}},{\"@type\":\"WebSite\",\"@id\":\"http:\/\/www.apriori-pt.de\/#website\",\"url\":\"http:\/\/www.apriori-pt.de\/\",\"name\":\"A Priori Personal Training, Firmensport &amp; Golffitness | Ihrem Personal Trainer in Dortmund\",\"description\":\"PERSONALTRAINING DORTMUND, PERSONAL TRAINER DORTMUND, FIRMENFITNESS DORTMUND, PERSONAL TRAINER TENERIFFA, GOLF FITNESS DORTMUND, SENIOREN FITNESS DORTMUND, LIFE KINETIK DORTMUND, FIGURTRAINING DORTMUND\",\"publisher\":{\"@id\":\"http:\/\/www.apriori-pt.de\/#organization\"},\"potentialAction\":[{\"@type\":\"SearchAction\",\"target\":{\"@type\":\"EntryPoint\",\"urlTemplate\":\"http:\/\/www.apriori-pt.de\/?s={search_term_string}\"},\"query-input\":\"required name=search_term_string\"}],\"inLanguage\":\"de\"},{\"@type\":\"WebPage\",\"@id\":\"http:\/\/www.apriori-pt.de\/?page_id=357#webpage\",\"url\":\"http:\/\/www.apriori-pt.de\/?page_id=357\",\"name\":\"Figurtraining \/ K\u00f6rperstraffung - A Priori Personal Training, Firmensport &amp; Golffitness | Ihrem Personal Trainer in Dortmund\",\"isPartOf\":{\"@id\":\"http:\/\/www.apriori-pt.de\/#website\"},\"datePublished\":\"2010-09-22T12:21:29+00:00\",\"dateModified\":\"2019-02-07T10:43:32+00:00\",\"breadcrumb\":{\"@id\":\"http:\/\/www.apriori-pt.de\/?page_id=357#breadcrumb\"},\"inLanguage\":\"de\",\"potentialAction\":[{\"@type\":\"ReadAction\",\"target\":[\"http:\/\/www.apriori-pt.de\/?page_id=357\"]}]},{\"@type\":\"BreadcrumbList\",\"@id\":\"http:\/\/www.apriori-pt.de\/?page_id=357#breadcrumb\",\"itemListElement\":[{\"@type\":\"ListItem\",\"position\":1,\"name\":\"Startseite\",\"item\":\"http:\/\/www.apriori-pt.de\/\"},{\"@type\":\"ListItem\",\"position\":2,\"name\":\"Privat: !!!Versteckt!!!-Trainingsinhalte\",\"item\":\"http:\/\/www.apriori-pt.de\/?page_id=791\"},{\"@type\":\"ListItem\",\"position\":3,\"name\":\"Figurtraining \/ K\u00f6rperstraffung\"}]}]}<\/script>\n<!-- \/ Yoast SEO plugin. -->","yoast_head_json":{"title":"Figurtraining \/ K\u00f6rperstraffung - A Priori Personal Training, Firmensport &amp; Golffitness | Ihrem Personal Trainer in Dortmund","robots":{"index":"index","follow":"follow","max-snippet":"max-snippet:-1","max-image-preview":"max-image-preview:large","max-video-preview":"max-video-preview:-1"},"canonical":"http:\/\/www.apriori-pt.de\/?page_id=357","og_locale":"de_DE","og_type":"article","og_title":"Figurtraining \/ K\u00f6rperstraffung - A Priori Personal Training, Firmensport &amp; Golffitness | Ihrem Personal Trainer in Dortmund","og_description":"Figurtraining \/ K\u00f6rperstraffung ist in Kombination das Endergebnis ( fast ) aller hier angebotenen Trainingsm\u00f6glichkeiten. Der Weg dort hin ist f\u00fcr Jede(n) verschieden, darum freue ich mich Ihnen ein sehr gro\u00dfes und abwechslungsreiches Spektrum an M\u00f6glichkeiten anbieten zu k\u00f6nnen. Erfolge sind nicht garantiert; sie werden verdient! Voraussetzungen hierf\u00fcr sind: Wille den \u201e Komfortbereich\u201c zu verlassen [&hellip;]","og_url":"http:\/\/www.apriori-pt.de\/?page_id=357","og_site_name":"A Priori Personal Training, Firmensport &amp; Golffitness | Ihrem Personal Trainer in Dortmund","article_modified_time":"2019-02-07T10:43:32+00:00","twitter_card":"summary_large_image","schema":{"@context":"https:\/\/schema.org","@graph":[{"@type":"Organization","@id":"http:\/\/www.apriori-pt.de\/#organization","name":"apriori-pt","url":"http:\/\/www.apriori-pt.de\/","sameAs":[],"logo":{"@type":"ImageObject","inLanguage":"de","@id":"http:\/\/www.apriori-pt.de\/#\/schema\/logo\/image\/","url":"http:\/\/www.apriori-pt.de\/wp-content\/uploads\/Unbenannt.png","contentUrl":"http:\/\/www.apriori-pt.de\/wp-content\/uploads\/Unbenannt.png","width":332,"height":100,"caption":"apriori-pt"},"image":{"@id":"http:\/\/www.apriori-pt.de\/#\/schema\/logo\/image\/"}},{"@type":"WebSite","@id":"http:\/\/www.apriori-pt.de\/#website","url":"http:\/\/www.apriori-pt.de\/","name":"A Priori Personal Training, Firmensport &amp; Golffitness | Ihrem Personal Trainer in Dortmund","description":"PERSONALTRAINING DORTMUND, PERSONAL TRAINER DORTMUND, FIRMENFITNESS DORTMUND, PERSONAL TRAINER TENERIFFA, GOLF FITNESS DORTMUND, SENIOREN FITNESS DORTMUND, LIFE KINETIK DORTMUND, FIGURTRAINING DORTMUND","publisher":{"@id":"http:\/\/www.apriori-pt.de\/#organization"},"potentialAction":[{"@type":"SearchAction","target":{"@type":"EntryPoint","urlTemplate":"http:\/\/www.apriori-pt.de\/?s={search_term_string}"},"query-input":"required name=search_term_string"}],"inLanguage":"de"},{"@type":"WebPage","@id":"http:\/\/www.apriori-pt.de\/?page_id=357#webpage","url":"http:\/\/www.apriori-pt.de\/?page_id=357","name":"Figurtraining \/ K\u00f6rperstraffung - A Priori Personal Training, Firmensport &amp; Golffitness | Ihrem Personal Trainer in Dortmund","isPartOf":{"@id":"http:\/\/www.apriori-pt.de\/#website"},"datePublished":"2010-09-22T12:21:29+00:00","dateModified":"2019-02-07T10:43:32+00:00","breadcrumb":{"@id":"http:\/\/www.apriori-pt.de\/?page_id=357#breadcrumb"},"inLanguage":"de","potentialAction":[{"@type":"ReadAction","target":["http:\/\/www.apriori-pt.de\/?page_id=357"]}]},{"@type":"BreadcrumbList","@id":"http:\/\/www.apriori-pt.de\/?page_id=357#breadcrumb","itemListElement":[{"@type":"ListItem","position":1,"name":"Startseite","item":"http:\/\/www.apriori-pt.de\/"},{"@type":"ListItem","position":2,"name":"Privat: !!!Versteckt!!!-Trainingsinhalte","item":"http:\/\/www.apriori-pt.de\/?page_id=791"},{"@type":"ListItem","position":3,"name":"Figurtraining \/ K\u00f6rperstraffung"}]}]}},"_links":{"self":[{"href":"http:\/\/www.apriori-pt.de\/index.php?rest_route=\/wp\/v2\/pages\/357"}],"collection":[{"href":"http:\/\/www.apriori-pt.de\/index.php?rest_route=\/wp\/v2\/pages"}],"about":[{"href":"http:\/\/www.apriori-pt.de\/index.php?rest_route=\/wp\/v2\/types\/page"}],"author":[{"embeddable":true,"href":"http:\/\/www.apriori-pt.de\/index.php?rest_route=\/wp\/v2\/users\/1"}],"replies":[{"embeddable":true,"href":"http:\/\/www.apriori-pt.de\/index.php?rest_route=%2Fwp%2Fv2%2Fcomments&post=357"}],"version-history":[{"count":13,"href":"http:\/\/www.apriori-pt.de\/index.php?rest_route=\/wp\/v2\/pages\/357\/revisions"}],"predecessor-version":[{"id":359,"href":"http:\/\/www.apriori-pt.de\/index.php?rest_route=\/wp\/v2\/pages\/357\/revisions\/359"}],"up":[{"embeddable":true,"href":"http:\/\/www.apriori-pt.de\/index.php?rest_route=\/wp\/v2\/pages\/791"}],"wp:attachment":[{"href":"http:\/\/www.apriori-pt.de\/index.php?rest_route=%2Fwp%2Fv2%2Fmedia&parent=357"}],"curies":[{"name":"wp","href":"https:\/\/api.w.org\/{rel}","templated":true}]}}